{"id":87,"date":"2024-06-17T14:09:01","date_gmt":"2024-06-17T12:09:01","guid":{"rendered":"https:\/\/mikster.eu\/helpdesk\/?page_id=87"},"modified":"2024-06-17T14:09:01","modified_gmt":"2024-06-17T12:09:01","slug":"moje-zgloszenia","status":"publish","type":"page","link":"https:\/\/mikster.eu\/helpdesk\/moje-zgloszenia\/","title":{"rendered":"Moje zg\u0142oszenia"},"content":{"rendered":"<a href=\"https:\/\/mikster.eu\/helpdesk\/?redirect_to=https:\/\/mikster.eu\/helpdesk\/moje-zgloszenia\/\" title=\"Zaloguj sie\">Zaloguj si\u0119, aby zobaczy\u0107 swoje zg\u0142oszenia<\/a>\n","protected":false},"excerpt":{"rendered":"","protected":false},"author":1,"featured_media":0,"parent":0,"menu_order":0,"comment_status":"closed","ping_status":"closed","template":"","meta":{"_acf_changed":false,"_monsterinsights_skip_tracking":false,"_monsterinsights_sitenote_active":false,"_monsterinsights_sitenote_note":"","_monsterinsights_sitenote_category":0,"footnotes":""},"class_list":["post-87","page","type-page","status-publish","hentry"],"acf":[],"_links":{"self":[{"href":"https:\/\/mikster.eu\/helpdesk\/wp-json\/wp\/v2\/pages\/87","targetHints":{"allow":["GET"]}}],"collection":[{"href":"https:\/\/mikster.eu\/helpdesk\/wp-json\/wp\/v2\/pages"}],"about":[{"href":"https:\/\/mikster.eu\/helpdesk\/wp-json\/wp\/v2\/types\/page"}],"author":[{"embeddable":true,"href":"https:\/\/mikster.eu\/helpdesk\/wp-json\/wp\/v2\/users\/1"}],"replies":[{"embeddable":true,"href":"https:\/\/mikster.eu\/helpdesk\/wp-json\/wp\/v2\/comments?post=87"}],"version-history":[{"count":1,"href":"https:\/\/mikster.eu\/helpdesk\/wp-json\/wp\/v2\/pages\/87\/revisions"}],"predecessor-version":[{"id":88,"href":"https:\/\/mikster.eu\/helpdesk\/wp-json\/wp\/v2\/pages\/87\/revisions\/88"}],"wp:attachment":[{"href":"https:\/\/mikster.eu\/helpdesk\/wp-json\/wp\/v2\/media?parent=87"}],"curies":[{"name":"wp","href":"https:\/\/api.w.org\/{rel}","templated":true}]}}